{"id":419,"date":"2024-03-01T20:08:44","date_gmt":"2024-03-01T20:08:44","guid":{"rendered":"https:\/\/new.mnaa.cl\/wp\/?post_type=project&#038;p=419"},"modified":"2025-04-01T21:37:36","modified_gmt":"2025-04-01T21:37:36","slug":"refugio_los_canteros","status":"publish","type":"project","link":"https:\/\/new.mnaa.cl\/index.php\/project\/refugio_los_canteros\/","title":{"rendered":"11_refugio_los_canteros"},"template":"","meta":{"_acf_changed":false},"project-categories":[],"class_list":["post-419","project","type-project","status-publish","hentry"],"acf":{"project_id":11,"project_title":"Refugio Los Canteros","project_filter":"archivo","project_type":"proyecto","year":2008,"location":"Farellones, Santiago, Chile","surface":"140 m\u00b2","architects":"Nicol\u00e1s del Rio, Max N\u00fa\u00f1ez","lead_architects":"-","associate_architect":"-","team":"Oltmann Ahlers","client":"-","summary":"-","category":6,"cover":297,"project_images":{"image_1":"","image_2":"","image_3":"","image_4":"","image_5":"","image_6":"","image_7":"","image_8":"","image_9":"","image_10":"","image_11":"","image_12":"","image_13":"","image_14":""}},"_links":{"self":[{"href":"https:\/\/new.mnaa.cl\/index.php\/wp-json\/wp\/v2\/projects\/419","targetHints":{"allow":["GET"]}}],"collection":[{"href":"https:\/\/new.mnaa.cl\/index.php\/wp-json\/wp\/v2\/projects"}],"about":[{"href":"https:\/\/new.mnaa.cl\/index.php\/wp-json\/wp\/v2\/types\/project"}],"acf:term":[{"embeddable":true,"taxonomy":"project-category","href":"https:\/\/new.mnaa.cl\/index.php\/wp-json\/wp\/v2\/project-categories\/6"}],"wp:attachment":[{"href":"https:\/\/new.mnaa.cl\/index.php\/wp-json\/wp\/v2\/media?parent=419"}],"wp:term":[{"taxonomy":"project-category","embeddable":true,"href":"https:\/\/new.mnaa.cl\/index.php\/wp-json\/wp\/v2\/project-categories?post=419"}],"curies":[{"name":"wp","href":"https:\/\/api.w.org\/{rel}","templated":true}]}}

Nicolás del Rio, Max Núñez
