{"id":431,"date":"2024-03-01T20:21:02","date_gmt":"2024-03-01T20:21:02","guid":{"rendered":"https:\/\/new.mnaa.cl\/wp\/?post_type=project&#038;p=431"},"modified":"2025-04-01T21:34:34","modified_gmt":"2025-04-01T21:34:34","slug":"interdesign","status":"publish","type":"project","link":"https:\/\/new.mnaa.cl\/index.php\/project\/interdesign\/","title":{"rendered":"17_interdesign"},"template":"","meta":{"_acf_changed":false},"project-categories":[],"class_list":["post-431","project","type-project","status-publish","hentry"],"acf":{"project_id":17,"project_title":"Depto. Iluminaci\u00f3n Interdesign","project_filter":"archivo","project_type":"proyecto","year":2009,"location":"Las Condes, Santiago, Chile","surface":"200 m\u00b2","architects":"Nicol\u00e1s del Rio, Max N\u00fa\u00f1ez","lead_architects":"-","associate_architect":"-","team":"Augusto Dom\u00ednguez","client":"Interdesign","summary":"-","category":7,"cover":1484,"project_images":{"image_1":"","image_2":"","image_3":"","image_4":"","image_5":"","image_6":"","image_7":"","image_8":"","image_9":"","image_10":"","image_11":"","image_12":"","image_13":"","image_14":""}},"_links":{"self":[{"href":"https:\/\/new.mnaa.cl\/index.php\/wp-json\/wp\/v2\/projects\/431","targetHints":{"allow":["GET"]}}],"collection":[{"href":"https:\/\/new.mnaa.cl\/index.php\/wp-json\/wp\/v2\/projects"}],"about":[{"href":"https:\/\/new.mnaa.cl\/index.php\/wp-json\/wp\/v2\/types\/project"}],"acf:term":[{"embeddable":true,"taxonomy":"project-category","href":"https:\/\/new.mnaa.cl\/index.php\/wp-json\/wp\/v2\/project-categories\/7"}],"wp:attachment":[{"href":"https:\/\/new.mnaa.cl\/index.php\/wp-json\/wp\/v2\/media?parent=431"}],"wp:term":[{"taxonomy":"project-category","embeddable":true,"href":"https:\/\/new.mnaa.cl\/index.php\/wp-json\/wp\/v2\/project-categories?post=431"}],"curies":[{"name":"wp","href":"https:\/\/api.w.org\/{rel}","templated":true}]}}

Depto. Iluminación Interdesign

Nicolás del Rio, Max Núñez

Augusto Domínguez
