{"id":435,"date":"2024-03-01T20:32:01","date_gmt":"2024-03-01T20:32:01","guid":{"rendered":"https:\/\/new.mnaa.cl\/wp\/?post_type=project&#038;p=435"},"modified":"2025-03-18T15:20:26","modified_gmt":"2025-03-18T15:20:26","slug":"departamento_tems","status":"publish","type":"project","link":"https:\/\/new.mnaa.cl\/index.php\/project\/departamento_tems\/","title":{"rendered":"19_departamento_tems"},"template":"","meta":{"_acf_changed":false},"project-categories":[],"class_list":["post-435","project","type-project","status-publish","hentry"],"acf":{"project_id":19,"project_title":"Departamento TEMS","project_filter":"archivo","project_type":"proyecto","year":2009,"location":"Las Condes, Santiago, Chile","surface":"400 m\u00b2","architects":"Nicol\u00e1s del Rio, Max N\u00fa\u00f1ez","lead_architects":"-","associate_architect":"-","team":"-","client":"-","summary":"-","category":2,"cover":"","project_images":{"image_1":"","image_2":"","image_3":"","image_4":"","image_5":"","image_6":"","image_7":"","image_8":"","image_9":"","image_10":"","image_11":"","image_12":"","image_13":"","image_14":""}},"_links":{"self":[{"href":"https:\/\/new.mnaa.cl\/index.php\/wp-json\/wp\/v2\/projects\/435","targetHints":{"allow":["GET"]}}],"collection":[{"href":"https:\/\/new.mnaa.cl\/index.php\/wp-json\/wp\/v2\/projects"}],"about":[{"href":"https:\/\/new.mnaa.cl\/index.php\/wp-json\/wp\/v2\/types\/project"}],"acf:term":[{"embeddable":true,"taxonomy":"project-category","href":"https:\/\/new.mnaa.cl\/index.php\/wp-json\/wp\/v2\/project-categories\/2"}],"wp:attachment":[{"href":"https:\/\/new.mnaa.cl\/index.php\/wp-json\/wp\/v2\/media?parent=435"}],"wp:term":[{"taxonomy":"project-category","embeddable":true,"href":"https:\/\/new.mnaa.cl\/index.php\/wp-json\/wp\/v2\/project-categories?post=435"}],"curies":[{"name":"wp","href":"https:\/\/api.w.org\/{rel}","templated":true}]}}

Nicolás del Rio, Max Núñez
