{"id":449,"date":"2024-03-01T20:52:45","date_gmt":"2024-03-01T20:52:45","guid":{"rendered":"https:\/\/new.mnaa.cl\/wp\/?post_type=project&#038;p=449"},"modified":"2025-04-01T21:29:14","modified_gmt":"2025-04-01T21:29:14","slug":"beton_hala_waterfront_center","status":"publish","type":"project","link":"https:\/\/new.mnaa.cl\/index.php\/project\/beton_hala_waterfront_center\/","title":{"rendered":"25_beton_hala_waterfront_center"},"template":"","meta":{"_acf_changed":false},"project-categories":[],"class_list":["post-449","project","type-project","status-publish","hentry"],"acf":{"project_id":25,"project_title":"Beton Hala Waterfront Center","project_filter":"archivo","project_type":"concurso","year":2011,"location":"Belgrado, Serbia","surface":"- m\u00b2","architects":"Nicol\u00e1s del Rio, Max N\u00fa\u00f1ez","lead_architects":"-","associate_architect":"Marcial Hern\u00e1ndez","team":"Sebasti\u00e1n Cruz, Alfredo Thiermann, Marine Winckler","client":"-","summary":"-","category":3,"cover":1486,"project_images":{"image_1":"","image_2":"","image_3":"","image_4":"","image_5":"","image_6":"","image_7":"","image_8":"","image_9":"","image_10":"","image_11":"","image_12":"","image_13":"","image_14":""}},"_links":{"self":[{"href":"https:\/\/new.mnaa.cl\/index.php\/wp-json\/wp\/v2\/projects\/449","targetHints":{"allow":["GET"]}}],"collection":[{"href":"https:\/\/new.mnaa.cl\/index.php\/wp-json\/wp\/v2\/projects"}],"about":[{"href":"https:\/\/new.mnaa.cl\/index.php\/wp-json\/wp\/v2\/types\/project"}],"acf:term":[{"embeddable":true,"taxonomy":"project-category","href":"https:\/\/new.mnaa.cl\/index.php\/wp-json\/wp\/v2\/project-categories\/3"}],"wp:attachment":[{"href":"https:\/\/new.mnaa.cl\/index.php\/wp-json\/wp\/v2\/media?parent=449"}],"wp:term":[{"taxonomy":"project-category","embeddable":true,"href":"https:\/\/new.mnaa.cl\/index.php\/wp-json\/wp\/v2\/project-categories?post=449"}],"curies":[{"name":"wp","href":"https:\/\/api.w.org\/{rel}","templated":true}]}}

Nicolás del Rio, Max Núñez

Marcial Hernández

Sebastián Cruz, Alfredo Thiermann, Marine Winckler
