{"id":451,"date":"2024-03-01T20:53:42","date_gmt":"2024-03-01T20:53:42","guid":{"rendered":"https:\/\/new.mnaa.cl\/wp\/?post_type=project&#038;p=451"},"modified":"2025-04-01T21:28:30","modified_gmt":"2025-04-01T21:28:30","slug":"refugio_la_leonera","status":"publish","type":"project","link":"https:\/\/new.mnaa.cl\/index.php\/project\/refugio_la_leonera\/","title":{"rendered":"26_refugio_la_leonera"},"template":"","meta":{"_acf_changed":false},"project-categories":[],"class_list":["post-451","project","type-project","status-publish","hentry"],"acf":{"project_id":26,"project_title":"Refugio La Leonera","project_filter":"archivo","project_type":"proyecto","year":2011,"location":"Farellones, Santiago, Chile","surface":"- m\u00b2","architects":"Nicol\u00e1s del Rio, Max N\u00fa\u00f1ez","lead_architects":"-","associate_architect":"-","team":"Felipe Camus","client":"-","summary":"-","category":6,"cover":354,"project_images":{"image_1":"","image_2":"","image_3":"","image_4":"","image_5":"","image_6":"","image_7":"","image_8":"","image_9":"","image_10":"","image_11":"","image_12":"","image_13":"","image_14":""}},"_links":{"self":[{"href":"https:\/\/new.mnaa.cl\/index.php\/wp-json\/wp\/v2\/projects\/451","targetHints":{"allow":["GET"]}}],"collection":[{"href":"https:\/\/new.mnaa.cl\/index.php\/wp-json\/wp\/v2\/projects"}],"about":[{"href":"https:\/\/new.mnaa.cl\/index.php\/wp-json\/wp\/v2\/types\/project"}],"acf:term":[{"embeddable":true,"taxonomy":"project-category","href":"https:\/\/new.mnaa.cl\/index.php\/wp-json\/wp\/v2\/project-categories\/6"}],"wp:attachment":[{"href":"https:\/\/new.mnaa.cl\/index.php\/wp-json\/wp\/v2\/media?parent=451"}],"wp:term":[{"taxonomy":"project-category","embeddable":true,"href":"https:\/\/new.mnaa.cl\/index.php\/wp-json\/wp\/v2\/project-categories?post=451"}],"curies":[{"name":"wp","href":"https:\/\/api.w.org\/{rel}","templated":true}]}}

Nicolás del Rio, Max Núñez
