{"id":460,"date":"2024-03-01T21:03:22","date_gmt":"2024-03-01T21:03:22","guid":{"rendered":"https:\/\/new.mnaa.cl\/wp\/?post_type=project&#038;p=460"},"modified":"2025-04-01T21:24:55","modified_gmt":"2025-04-01T21:24:55","slug":"teatro_regional_la_serena","status":"publish","type":"project","link":"https:\/\/new.mnaa.cl\/index.php\/project\/teatro_regional_la_serena\/","title":{"rendered":"30_teatro_regional_la_serena"},"template":"","meta":{"_acf_changed":false},"project-categories":[],"class_list":["post-460","project","type-project","status-publish","hentry"],"acf":{"project_id":30,"project_title":"Teatro Regional de La Serena","project_filter":"archivo","project_type":"concurso","year":2012,"location":"La Serena, Coquimbo, Chile","surface":"- m\u00b2","architects":"Benjam\u00edn Murua, Rodrigo Valenzuela, Max N\u00fa\u00f1ez, Nicol\u00e1s Stutzin ","lead_architects":"-","associate_architect":"-","team":"Sebasti\u00e1n Cruz, Alfredo Thiermann, Marine Winckler","client":"-","summary":"-","category":12,"cover":358,"project_images":{"image_1":"","image_2":"","image_3":"","image_4":"","image_5":"","image_6":"","image_7":"","image_8":"","image_9":"","image_10":"","image_11":"","image_12":"","image_13":"","image_14":""}},"_links":{"self":[{"href":"https:\/\/new.mnaa.cl\/index.php\/wp-json\/wp\/v2\/projects\/460","targetHints":{"allow":["GET"]}}],"collection":[{"href":"https:\/\/new.mnaa.cl\/index.php\/wp-json\/wp\/v2\/projects"}],"about":[{"href":"https:\/\/new.mnaa.cl\/index.php\/wp-json\/wp\/v2\/types\/project"}],"acf:term":[{"embeddable":true,"taxonomy":"project-category","href":"https:\/\/new.mnaa.cl\/index.php\/wp-json\/wp\/v2\/project-categories\/12"}],"wp:attachment":[{"href":"https:\/\/new.mnaa.cl\/index.php\/wp-json\/wp\/v2\/media?parent=460"}],"wp:term":[{"taxonomy":"project-category","embeddable":true,"href":"https:\/\/new.mnaa.cl\/index.php\/wp-json\/wp\/v2\/project-categories?post=460"}],"curies":[{"name":"wp","href":"https:\/\/api.w.org\/{rel}","templated":true}]}}

Benjamín Murua, Rodrigo Valenzuela, Max Núñez, Nicolás Stutzin

Sebastián Cruz, Alfredo Thiermann, Marine Winckler
