{"id":474,"date":"2024-03-01T21:21:47","date_gmt":"2024-03-01T21:21:47","guid":{"rendered":"https:\/\/new.mnaa.cl\/wp\/?post_type=project&#038;p=474"},"modified":"2025-04-01T21:16:00","modified_gmt":"2025-04-01T21:16:00","slug":"museo_historico_nacional","status":"publish","type":"project","link":"https:\/\/new.mnaa.cl\/index.php\/project\/museo_historico_nacional\/","title":{"rendered":"37_museo_historico_nacional"},"template":"","meta":{"_acf_changed":false},"project-categories":[],"class_list":["post-474","project","type-project","status-publish","hentry"],"acf":{"project_id":37,"project_title":"Museo Hist\u00f3rico Nacional","project_filter":"archivo","project_type":"concurso","year":2013,"location":"Santiago, Chile","surface":"2625 m\u00b2","architects":"Max N\u00fa\u00f1ez Arquitectos","lead_architects":"Max N\u00fa\u00f1ez","associate_architect":"-","team":"Stefano Rolla, Santiago Valdivieso, Carlos Rosas, Juan Ram\u00f3n Samaniego, Sebasti\u00e1n Seisdedos","client":"-","summary":"-","category":3,"cover":365,"project_images":{"image_1":"","image_2":"","image_3":"","image_4":"","image_5":"","image_6":"","image_7":"","image_8":"","image_9":"","image_10":"","image_11":"","image_12":"","image_13":"","image_14":""}},"_links":{"self":[{"href":"https:\/\/new.mnaa.cl\/index.php\/wp-json\/wp\/v2\/projects\/474","targetHints":{"allow":["GET"]}}],"collection":[{"href":"https:\/\/new.mnaa.cl\/index.php\/wp-json\/wp\/v2\/projects"}],"about":[{"href":"https:\/\/new.mnaa.cl\/index.php\/wp-json\/wp\/v2\/types\/project"}],"acf:term":[{"embeddable":true,"taxonomy":"project-category","href":"https:\/\/new.mnaa.cl\/index.php\/wp-json\/wp\/v2\/project-categories\/3"}],"wp:attachment":[{"href":"https:\/\/new.mnaa.cl\/index.php\/wp-json\/wp\/v2\/media?parent=474"}],"wp:term":[{"taxonomy":"project-category","embeddable":true,"href":"https:\/\/new.mnaa.cl\/index.php\/wp-json\/wp\/v2\/project-categories?post=474"}],"curies":[{"name":"wp","href":"https:\/\/api.w.org\/{rel}","templated":true}]}}

Museo Histórico Nacional

Max Núñez Arquitectos

Max Núñez

Stefano Rolla, Santiago Valdivieso, Carlos Rosas, Juan Ramón Samaniego, Sebastián Seisdedos
