{"id":480,"date":"2024-03-01T21:27:12","date_gmt":"2024-03-01T21:27:12","guid":{"rendered":"https:\/\/new.mnaa.cl\/wp\/?post_type=project&#038;p=480"},"modified":"2025-04-01T21:07:19","modified_gmt":"2025-04-01T21:07:19","slug":"libreria_contrapunto1","status":"publish","type":"project","link":"https:\/\/new.mnaa.cl\/index.php\/project\/libreria_contrapunto1\/","title":{"rendered":"40_libreria_contrapunto1_altolascondes1"},"template":"","meta":{"_acf_changed":false},"project-categories":[],"class_list":["post-480","project","type-project","status-publish","hentry"],"acf":{"project_id":40,"project_title":"Librer\u00eda Contrapunto 1","project_filter":"archivo","project_type":"proyecto","year":2014,"location":"Las Condes, Santiago, Chile","surface":"90 m\u00b2","architects":"Max N\u00fa\u00f1ez Arquitectos","lead_architects":"Max N\u00fa\u00f1ez","associate_architect":"-","team":"Stefano Rolla","client":"Contrapunto","summary":"-","category":7,"cover":368,"project_images":{"image_1":"","image_2":"","image_3":"","image_4":"","image_5":"","image_6":"","image_7":"","image_8":"","image_9":"","image_10":"","image_11":"","image_12":"","image_13":"","image_14":""}},"_links":{"self":[{"href":"https:\/\/new.mnaa.cl\/index.php\/wp-json\/wp\/v2\/projects\/480","targetHints":{"allow":["GET"]}}],"collection":[{"href":"https:\/\/new.mnaa.cl\/index.php\/wp-json\/wp\/v2\/projects"}],"about":[{"href":"https:\/\/new.mnaa.cl\/index.php\/wp-json\/wp\/v2\/types\/project"}],"acf:term":[{"embeddable":true,"taxonomy":"project-category","href":"https:\/\/new.mnaa.cl\/index.php\/wp-json\/wp\/v2\/project-categories\/7"}],"wp:attachment":[{"href":"https:\/\/new.mnaa.cl\/index.php\/wp-json\/wp\/v2\/media?parent=480"}],"wp:term":[{"taxonomy":"project-category","embeddable":true,"href":"https:\/\/new.mnaa.cl\/index.php\/wp-json\/wp\/v2\/project-categories?post=480"}],"curies":[{"name":"wp","href":"https:\/\/api.w.org\/{rel}","templated":true}]}}

Librería Contrapunto 1

Max Núñez Arquitectos

Max Núñez
