{"id":488,"date":"2024-03-01T21:33:01","date_gmt":"2024-03-01T21:33:01","guid":{"rendered":"https:\/\/new.mnaa.cl\/wp\/?post_type=project&#038;p=488"},"modified":"2025-04-01T21:04:04","modified_gmt":"2025-04-01T21:04:04","slug":"bibioteca_archivo_regional_magallanes","status":"publish","type":"project","link":"https:\/\/new.mnaa.cl\/index.php\/project\/bibioteca_archivo_regional_magallanes\/","title":{"rendered":"44_bibioteca_archivo_regional_magallanes"},"template":"","meta":{"_acf_changed":false},"project-categories":[],"class_list":["post-488","project","type-project","status-publish","hentry"],"acf":{"project_id":44,"project_title":"Biblioteca y Archivo de Magallanes","project_filter":"archivo","project_type":"concurso","year":2014,"location":"Punta Arenas, Magallanes, Chile","surface":"5090 m\u00b2","architects":"Max N\u00fa\u00f1ez Arquitectos","lead_architects":"Max N\u00fa\u00f1ez","associate_architect":"-","team":"Stefano Rolla, Carlos Rosas, Santiago Valdivieso, Sebastian Seisdedos","client":"-","summary":"-","category":5,"cover":372,"project_images":{"image_1":372,"image_2":"","image_3":"","image_4":"","image_5":"","image_6":"","image_7":"","image_8":"","image_9":"","image_10":"","image_11":"","image_12":"","image_13":"","image_14":""}},"_links":{"self":[{"href":"https:\/\/new.mnaa.cl\/index.php\/wp-json\/wp\/v2\/projects\/488","targetHints":{"allow":["GET"]}}],"collection":[{"href":"https:\/\/new.mnaa.cl\/index.php\/wp-json\/wp\/v2\/projects"}],"about":[{"href":"https:\/\/new.mnaa.cl\/index.php\/wp-json\/wp\/v2\/types\/project"}],"acf:term":[{"embeddable":true,"taxonomy":"project-category","href":"https:\/\/new.mnaa.cl\/index.php\/wp-json\/wp\/v2\/project-categories\/5"}],"wp:attachment":[{"href":"https:\/\/new.mnaa.cl\/index.php\/wp-json\/wp\/v2\/media?parent=488"}],"wp:term":[{"taxonomy":"project-category","embeddable":true,"href":"https:\/\/new.mnaa.cl\/index.php\/wp-json\/wp\/v2\/project-categories?post=488"}],"curies":[{"name":"wp","href":"https:\/\/api.w.org\/{rel}","templated":true}]}}

Max Núñez Arquitectos

Max Núñez
