{"id":506,"date":"2024-03-01T21:45:30","date_gmt":"2024-03-01T21:45:30","guid":{"rendered":"https:\/\/new.mnaa.cl\/wp\/?post_type=project&#038;p=506"},"modified":"2025-04-16T13:48:12","modified_gmt":"2025-04-16T13:48:12","slug":"san_rafael","status":"publish","type":"project","link":"https:\/\/new.mnaa.cl\/index.php\/project\/san_rafael\/","title":{"rendered":"53_D_san_rafael"},"template":"","meta":{"_acf_changed":false},"project-categories":[],"class_list":["post-506","project","type-project","status-publish","hentry"],"acf":{"project_id":53,"project_title":"San Rafael","project_filter":"destacado","project_type":"proyecto","year":2017,"location":"Laguna San Rafael, Ays\u00e9n, Chile","surface":"2800 m\u00b2","architects":"Max N\u00fa\u00f1ez Arquitectos, Benjam\u00edn Mur\u00faa Arquitectos","lead_architects":"Max N\u00fa\u00f1ez, Benjam\u00edn Mur\u00faa","associate_architect":"-","team":"Stefano Rolla, Carlos, Rosas, Christian Bartlau, Francisca Kettels, Juan Guzm\u00e1n, Nelson Hochstetter, Claudia Salinas","client":"CONAF","summary":"-","category":3,"cover":625,"project_images":{"image_1":246,"image_2":1005,"image_3":1007,"image_4":1017,"image_5":1006,"image_6":833,"image_7":1012,"image_8":"","image_9":"","image_10":"","image_11":"","image_12":"","image_13":"","image_14":""}},"_links":{"self":[{"href":"https:\/\/new.mnaa.cl\/index.php\/wp-json\/wp\/v2\/projects\/506","targetHints":{"allow":["GET"]}}],"collection":[{"href":"https:\/\/new.mnaa.cl\/index.php\/wp-json\/wp\/v2\/projects"}],"about":[{"href":"https:\/\/new.mnaa.cl\/index.php\/wp-json\/wp\/v2\/types\/project"}],"acf:term":[{"embeddable":true,"taxonomy":"project-category","href":"https:\/\/new.mnaa.cl\/index.php\/wp-json\/wp\/v2\/project-categories\/3"}],"wp:attachment":[{"href":"https:\/\/new.mnaa.cl\/index.php\/wp-json\/wp\/v2\/media?parent=506"}],"wp:term":[{"taxonomy":"project-category","embeddable":true,"href":"https:\/\/new.mnaa.cl\/index.php\/wp-json\/wp\/v2\/project-categories?post=506"}],"curies":[{"name":"wp","href":"https:\/\/api.w.org\/{rel}","templated":true}]}}

Laguna San Rafael, Aysén, Chile

Max Núñez Arquitectos, Benjamín Murúa Arquitectos

Max Núñez, Benjamín Murúa

Stefano Rolla, Carlos, Rosas, Christian Bartlau, Francisca Kettels, Juan Guzmán, Nelson Hochstetter, Claudia Salinas
