{"id":512,"date":"2024-03-01T21:52:06","date_gmt":"2024-03-01T21:52:06","guid":{"rendered":"https:\/\/new.mnaa.cl\/wp\/?post_type=project&#038;p=512"},"modified":"2025-04-01T20:57:01","modified_gmt":"2025-04-01T20:57:01","slug":"hotel_en_aysen","status":"publish","type":"project","link":"https:\/\/new.mnaa.cl\/index.php\/project\/hotel_en_aysen\/","title":{"rendered":"56_explora_general_carrera"},"template":"","meta":{"_acf_changed":false},"project-categories":[],"class_list":["post-512","project","type-project","status-publish","hentry"],"acf":{"project_id":56,"project_title":"Hotel en Lago General Carrera","project_filter":"archivo","project_type":"concurso","year":2019,"location":"Regi\u00f3n de Ays\u00e9n, Chile","surface":"2508 m\u00b2","architects":"Max N\u00fa\u00f1ez Arquitectos","lead_architects":"Max N\u00fa\u00f1ez, Stefano Rolla","associate_architect":"-","team":"Pabla Amigo, Leonid Batalov,  Rosario Edwards, Nicol\u00e1s Navarrete, Carlos Rosas","client":"-","summary":"-","category":6,"cover":228,"project_images":{"image_1":"","image_2":"","image_3":"","image_4":"","image_5":"","image_6":"","image_7":"","image_8":"","image_9":"","image_10":"","image_11":"","image_12":"","image_13":"","image_14":""}},"_links":{"self":[{"href":"https:\/\/new.mnaa.cl\/index.php\/wp-json\/wp\/v2\/projects\/512","targetHints":{"allow":["GET"]}}],"collection":[{"href":"https:\/\/new.mnaa.cl\/index.php\/wp-json\/wp\/v2\/projects"}],"about":[{"href":"https:\/\/new.mnaa.cl\/index.php\/wp-json\/wp\/v2\/types\/project"}],"acf:term":[{"embeddable":true,"taxonomy":"project-category","href":"https:\/\/new.mnaa.cl\/index.php\/wp-json\/wp\/v2\/project-categories\/6"}],"wp:attachment":[{"href":"https:\/\/new.mnaa.cl\/index.php\/wp-json\/wp\/v2\/media?parent=512"}],"wp:term":[{"taxonomy":"project-category","embeddable":true,"href":"https:\/\/new.mnaa.cl\/index.php\/wp-json\/wp\/v2\/project-categories?post=512"}],"curies":[{"name":"wp","href":"https:\/\/api.w.org\/{rel}","templated":true}]}}

Región de Aysén, Chile

Max Núñez Arquitectos

Max Núñez, Stefano Rolla

Pabla Amigo, Leonid Batalov,  Rosario Edwards, Nicolás Navarrete, Carlos Rosas
