{"id":528,"date":"2024-03-01T22:02:18","date_gmt":"2024-03-01T22:02:18","guid":{"rendered":"https:\/\/new.mnaa.cl\/wp\/?post_type=project&#038;p=528"},"modified":"2025-04-01T20:28:33","modified_gmt":"2025-04-01T20:28:33","slug":"casa_t","status":"publish","type":"project","link":"https:\/\/new.mnaa.cl\/index.php\/project\/casa_t\/","title":{"rendered":"64_D_casa_t"},"template":"","meta":{"_acf_changed":false},"project-categories":[],"class_list":["post-528","project","type-project","status-publish","hentry"],"acf":{"project_id":64,"project_title":"Casa T","project_filter":"destacado","project_type":"proyecto","year":2020,"location":"Pirque, Santiago, Chile","surface":"414 m\u00b2","architects":"Max N\u00fa\u00f1ez Arquitectos","lead_architects":"Max N\u00fa\u00f1ez","associate_architect":"-","team":"Sebasti\u00e1n Jara, Pabla Amigo","client":"-","summary":"-","category":2,"cover":193,"project_images":{"image_1":193,"image_2":882,"image_3":881,"image_4":885,"image_5":1429,"image_6":884,"image_7":"","image_8":"","image_9":"","image_10":"","image_11":"","image_12":"","image_13":"","image_14":""}},"_links":{"self":[{"href":"https:\/\/new.mnaa.cl\/index.php\/wp-json\/wp\/v2\/projects\/528","targetHints":{"allow":["GET"]}}],"collection":[{"href":"https:\/\/new.mnaa.cl\/index.php\/wp-json\/wp\/v2\/projects"}],"about":[{"href":"https:\/\/new.mnaa.cl\/index.php\/wp-json\/wp\/v2\/types\/project"}],"acf:term":[{"embeddable":true,"taxonomy":"project-category","href":"https:\/\/new.mnaa.cl\/index.php\/wp-json\/wp\/v2\/project-categories\/2"}],"wp:attachment":[{"href":"https:\/\/new.mnaa.cl\/index.php\/wp-json\/wp\/v2\/media?parent=528"}],"wp:term":[{"taxonomy":"project-category","embeddable":true,"href":"https:\/\/new.mnaa.cl\/index.php\/wp-json\/wp\/v2\/project-categories?post=528"}],"curies":[{"name":"wp","href":"https:\/\/api.w.org\/{rel}","templated":true}]}}

Max Núñez Arquitectos

Max Núñez

Sebastián Jara, Pabla Amigo
