{"id":530,"date":"2024-03-01T22:04:39","date_gmt":"2024-03-01T22:04:39","guid":{"rendered":"https:\/\/new.mnaa.cl\/wp\/?post_type=project&#038;p=530"},"modified":"2025-04-01T20:22:58","modified_gmt":"2025-04-01T20:22:58","slug":"libreria_contrapunto3","status":"publish","type":"project","link":"https:\/\/new.mnaa.cl\/index.php\/project\/libreria_contrapunto3\/","title":{"rendered":"65_D_libreria_contrapunto3_altolascondes2"},"template":"","meta":{"_acf_changed":false},"project-categories":[],"class_list":["post-530","project","type-project","status-publish","hentry"],"acf":{"project_id":65,"project_title":"Contrapunto 3","project_filter":"destacado","project_type":"proyecto","year":2021,"location":"Las Condes, Santiago, Chile","surface":"120 m\u00b2","architects":"Max N\u00fa\u00f1ez Arquitectos","lead_architects":"Max N\u00fa\u00f1ez, Stefano Rolla","associate_architect":"-","team":"Carlos Rosas","client":"Contrapunto","summary":"-","category":7,"cover":192,"project_images":{"image_1":"","image_2":192,"image_3":987,"image_4":991,"image_5":1431,"image_6":1433,"image_7":1432,"image_8":1430,"image_9":"","image_10":"","image_11":"","image_12":"","image_13":"","image_14":""}},"_links":{"self":[{"href":"https:\/\/new.mnaa.cl\/index.php\/wp-json\/wp\/v2\/projects\/530","targetHints":{"allow":["GET"]}}],"collection":[{"href":"https:\/\/new.mnaa.cl\/index.php\/wp-json\/wp\/v2\/projects"}],"about":[{"href":"https:\/\/new.mnaa.cl\/index.php\/wp-json\/wp\/v2\/types\/project"}],"acf:term":[{"embeddable":true,"taxonomy":"project-category","href":"https:\/\/new.mnaa.cl\/index.php\/wp-json\/wp\/v2\/project-categories\/7"}],"wp:attachment":[{"href":"https:\/\/new.mnaa.cl\/index.php\/wp-json\/wp\/v2\/media?parent=530"}],"wp:term":[{"taxonomy":"project-category","embeddable":true,"href":"https:\/\/new.mnaa.cl\/index.php\/wp-json\/wp\/v2\/project-categories?post=530"}],"curies":[{"name":"wp","href":"https:\/\/api.w.org\/{rel}","templated":true}]}}

Max Núñez Arquitectos

Max Núñez, Stefano Rolla
