{"id":536,"date":"2024-03-01T22:09:54","date_gmt":"2024-03-01T22:09:54","guid":{"rendered":"https:\/\/new.mnaa.cl\/wp\/?post_type=project&#038;p=536"},"modified":"2025-04-01T19:42:19","modified_gmt":"2025-04-01T19:42:19","slug":"hogar_aleman_limache","status":"publish","type":"project","link":"https:\/\/new.mnaa.cl\/index.php\/project\/hogar_aleman_limache\/","title":{"rendered":"68_hogar_aleman_limache"},"template":"","meta":{"_acf_changed":false},"project-categories":[],"class_list":["post-536","project","type-project","status-publish","hentry"],"acf":{"project_id":68,"project_title":"Hogar Alem\u00e1n de Limache","project_filter":"archivo","project_type":"concurso","year":2022,"location":"Limache, Valpara\u00edso, Chile","surface":"7190 m\u00b2","architects":"Max N\u00fa\u00f1ez Arquitectos","lead_architects":"Max N\u00fa\u00f1ez, Stefano Rolla","associate_architect":"-","team":"Sebasti\u00e1n Jara, Carlos Rosas, Fabi\u00e1n Leiva","client":"Corporaci\u00f3n Chileno-Alemana de Beneficencia","summary":"-","category":4,"cover":183,"project_images":{"image_1":"","image_2":"","image_3":"","image_4":"","image_5":"","image_6":"","image_7":"","image_8":"","image_9":"","image_10":"","image_11":"","image_12":"","image_13":"","image_14":""}},"_links":{"self":[{"href":"https:\/\/new.mnaa.cl\/index.php\/wp-json\/wp\/v2\/projects\/536","targetHints":{"allow":["GET"]}}],"collection":[{"href":"https:\/\/new.mnaa.cl\/index.php\/wp-json\/wp\/v2\/projects"}],"about":[{"href":"https:\/\/new.mnaa.cl\/index.php\/wp-json\/wp\/v2\/types\/project"}],"acf:term":[{"embeddable":true,"taxonomy":"project-category","href":"https:\/\/new.mnaa.cl\/index.php\/wp-json\/wp\/v2\/project-categories\/4"}],"wp:attachment":[{"href":"https:\/\/new.mnaa.cl\/index.php\/wp-json\/wp\/v2\/media?parent=536"}],"wp:term":[{"taxonomy":"project-category","embeddable":true,"href":"https:\/\/new.mnaa.cl\/index.php\/wp-json\/wp\/v2\/project-categories?post=536"}],"curies":[{"name":"wp","href":"https:\/\/api.w.org\/{rel}","templated":true}]}}

Hogar Alemán de Limache

Limache, Valparaíso, Chile

Max Núñez Arquitectos

Max Núñez, Stefano Rolla

Sebastián Jara, Carlos Rosas, Fabián Leiva

Corporación Chileno-Alemana de Beneficencia
