{"id":1289,"date":"2025-01-24T14:40:48","date_gmt":"2025-01-24T14:40:48","guid":{"rendered":"https:\/\/new.mnaa.cl\/wp\/?post_type=publication&#038;p=1289"},"modified":"2025-01-24T16:28:15","modified_gmt":"2025-01-24T16:28:15","slug":"10_artravel_max_nunez_arquitectos","status":"publish","type":"publication","link":"https:\/\/new.mnaa.cl\/index.php\/publication\/10_artravel_max_nunez_arquitectos\/","title":{"rendered":"10_artravel_max_n\u00fa\u00f1ez_arquitectos"},"template":"","meta":{"_acf_changed":false},"publications-categories":[],"class_list":["post-1289","publication","type-publication","status-publish","hentry"],"acf":{"publication_title":"Le Chor\u00e9graphe","source":"ARTRAVEL","project":"Max N\u00fa\u00f1ez Arquitectos","publication_date":"20130101","country":"Francia","image":1113},"_links":{"self":[{"href":"https:\/\/new.mnaa.cl\/index.php\/wp-json\/wp\/v2\/publications\/1289","targetHints":{"allow":["GET"]}}],"collection":[{"href":"https:\/\/new.mnaa.cl\/index.php\/wp-json\/wp\/v2\/publications"}],"about":[{"href":"https:\/\/new.mnaa.cl\/index.php\/wp-json\/wp\/v2\/types\/publication"}],"wp:attachment":[{"href":"https:\/\/new.mnaa.cl\/index.php\/wp-json\/wp\/v2\/media?parent=1289"}],"wp:term":[{"taxonomy":"publications-category","embeddable":true,"href":"https:\/\/new.mnaa.cl\/index.php\/wp-json\/wp\/v2\/publications-categories?post=1289"}],"curies":[{"name":"wp","href":"https:\/\/api.w.org\/{rel}","templated":true}]}}

10_artravel_max_núñez_arquitectos

Le Chorégraphe

Max Núñez Arquitectos
